{"id":355,"date":"2011-05-11T13:52:50","date_gmt":"2011-05-11T13:52:50","guid":{"rendered":"http:\/\/www.thierryjonquet.fr\/?page_id=355"},"modified":"2011-05-11T13:59:30","modified_gmt":"2011-05-11T13:59:30","slug":"la-vie-face-b","status":"publish","type":"page","link":"http:\/\/www.thierryjonquet.fr\/?page_id=355","title":{"rendered":"La Vie Face B"},"content":{"rendered":"<h2><a href=\"http:\/\/www.thierryjonquet.fr\/wp-content\/uploads\/2011\/05\/lavie2_sm.jpg\"><img loading=\"lazy\" decoding=\"async\" class=\"alignleft size-full wp-image-333\" title=\"La Vie La Vie Face b\" src=\"http:\/\/www.thierryjonquet.fr\/wp-content\/uploads\/2011\/05\/lavie2_sm.jpg\" alt=\"La vie de la m\u00e8re Face B\" width=\"99\" height=\"132\" \/><\/a>La vie de ma m\u00e8re Face B<\/h2>\n<p>publi\u00e9 chez Casterman fin 2003<\/p>\n<p>la suite des ennuis de Kevin<\/p>\n<p>Le r\u00e9sum\u00e9 de l&rsquo;\u00e9diteur:<\/p>\n<p>On aurait pu esp\u00e9rer que Kevin commencerait \u00e0 s\u2019en sortir\u2026 Mais quand on grandit \u00e0 moiti\u00e9 tout seul, qu\u2019on est de toute fa\u00e7on en \u00e9chec scolaire et que les seules figures masculines alentour sont un vieux trop gentil et une bande de \u201cgrands\u201d voyous, braqueurs et drogu\u00e9s, difficile d\u2019y voir clair. Malgr\u00e9 son amiti\u00e9 amoureuse avec Clarisse, fille de \u201cbourges\u201d, Kevin est happ\u00e9 dans la violence et la marginalit\u00e9. Depuis quelle prison nous raconte-t-il son histoire ? Face B cl\u00f4t tragiquement le cycle de \u201dLa vie de ma m\u00e8re<\/p>\n<p>&nbsp;<\/p>\n","protected":false},"excerpt":{"rendered":"<p>La vie de ma m\u00e8re Face B publi\u00e9 chez Casterman fin 2003 la suite des ennuis de Kevin Le r\u00e9sum\u00e9 de l&rsquo;\u00e9diteur: On aurait pu esp\u00e9rer que Kevin commencerait \u00e0 s\u2019en sortir\u2026 Mais quand on grandit \u00e0 moiti\u00e9 tout seul, &hellip; <a href=\"http:\/\/www.thierryjonquet.fr\/?page_id=355\">Continuer la lecture <span class=\"meta-nav\">&rarr;<\/span><\/a><\/p>\n","protected":false},"author":1,"featured_media":102,"parent":101,"menu_order":0,"comment_status":"closed","ping_status":"closed","template":"onecolumnNoComment.php","meta":{"footnotes":"","_links_to":"","_links_to_target":""},"class_list":["post-355","page","type-page","status-publish","has-post-thumbnail","hentry"],"_links":{"self":[{"href":"http:\/\/www.thierryjonquet.fr\/index.php?rest_route=\/wp\/v2\/pages\/355","targetHints":{"allow":["GET"]}}],"collection":[{"href":"http:\/\/www.thierryjonquet.fr\/index.php?rest_route=\/wp\/v2\/pages"}],"about":[{"href":"http:\/\/www.thierryjonquet.fr\/index.php?rest_route=\/wp\/v2\/types\/page"}],"author":[{"embeddable":true,"href":"http:\/\/www.thierryjonquet.fr\/index.php?rest_route=\/wp\/v2\/users\/1"}],"replies":[{"embeddable":true,"href":"http:\/\/www.thierryjonquet.fr\/index.php?rest_route=%2Fwp%2Fv2%2Fcomments&post=355"}],"version-history":[{"count":2,"href":"http:\/\/www.thierryjonquet.fr\/index.php?rest_route=\/wp\/v2\/pages\/355\/revisions"}],"predecessor-version":[{"id":359,"href":"http:\/\/www.thierryjonquet.fr\/index.php?rest_route=\/wp\/v2\/pages\/355\/revisions\/359"}],"up":[{"embeddable":true,"href":"http:\/\/www.thierryjonquet.fr\/index.php?rest_route=\/wp\/v2\/pages\/101"}],"wp:featuredmedia":[{"embeddable":true,"href":"http:\/\/www.thierryjonquet.fr\/index.php?rest_route=\/wp\/v2\/media\/102"}],"wp:attachment":[{"href":"http:\/\/www.thierryjonquet.fr\/index.php?rest_route=%2Fwp%2Fv2%2Fmedia&parent=355"}],"curies":[{"name":"wp","href":"https:\/\/api.w.org\/{rel}","templated":true}]}}